{"id":1955,"date":"2024-09-23T18:43:22","date_gmt":"2024-09-23T18:43:22","guid":{"rendered":"https:\/\/avepb.pt\/cp\/?page_id=1955"},"modified":"2025-05-23T17:52:33","modified_gmt":"2025-05-23T17:52:33","slug":"tecnico-de-comunicacao-marketing-relacoes-publicas-e-publicidade","status":"publish","type":"page","link":"https:\/\/avepb.pt\/cp\/tecnico-de-comunicacao-marketing-relacoes-publicas-e-publicidade\/","title":{"rendered":"T\u00e9cnico de Comunica\u00e7\u00e3o &#8211; Marketing, Rela\u00e7\u00f5es P\u00fablicas e Publicidade"},"content":{"rendered":"\n<figure class=\"wp-block-image size-large\"><img loading=\"lazy\" width=\"960\" height=\"349\" src=\"https:\/\/avepb.pt\/cp\/wp-content\/uploads\/2024\/09\/tecnico_comunicacao.jpg\" alt=\"\" class=\"wp-image-1959\" srcset=\"https:\/\/avepb.pt\/cp\/wp-content\/uploads\/2024\/09\/tecnico_comunicacao.jpg 960w, https:\/\/avepb.pt\/cp\/wp-content\/uploads\/2024\/09\/tecnico_comunicacao-300x109.jpg 300w, https:\/\/avepb.pt\/cp\/wp-content\/uploads\/2024\/09\/tecnico_comunicacao-768x279.jpg 768w, https:\/\/avepb.pt\/cp\/wp-content\/uploads\/2024\/09\/tecnico_comunicacao-360x131.jpg 360w\" sizes=\"(max-width: 960px) 100vw, 960px\" \/><\/figure>\n\n\n\n<h2>Perfil Profissional<\/h2>\n\n\n\n<p>O t\u00e9cnico\/a de comunica\u00e7\u00e3o \u00e9 o profissional apto a participar no planeamento e desenvolvimento de estrat\u00e9gias de marketing e de comunica\u00e7\u00e3o da organiza\u00e7\u00e3o, quer na vertente interna quer na vertente externa, atrav\u00e9s das rela\u00e7\u00f5es p\u00fablicas e da publicidade.<\/p>\n\n\n\n<p><em>Enquadramento: DL n.\u00ba 91\/2013, de 10 de julho.<br>Portaria n\u00ba74-A\/2013 de 15 de Fevereiro<br>Circular n.\u00ba 3\/ANQEP\/2018<br>DL &#8211; 55\/2018 de 6 de julho<\/em><\/p>\n\n\n\n<div style=\"height:30px\" aria-hidden=\"true\" class=\"wp-block-spacer\"><\/div>\n\n\n\n<h2>Requisitos<\/h2>\n\n\n\n<p>O 9.\u00ba ano de escolaridade ou forma\u00e7\u00e3o equivalente e idade n\u00e3o superior a 19 anos \u00e0 data de in\u00edcio do ano escolar.<\/p>\n\n\n\n<div style=\"height:30px\" aria-hidden=\"true\" class=\"wp-block-spacer\"><\/div>\n\n\n\n<h2>Certifica\u00e7\u00e3o Escolar e Profissional<\/h2>\n\n\n\n<ul><li>Curso do n\u00edvel secund\u00e1rio de educa\u00e7\u00e3o.<\/li><li>Qualifica\u00e7\u00e3o profissional de n\u00edvel 4 (QNQ\/QEQ)<\/li><\/ul>\n\n\n\n<div style=\"height:30px\" aria-hidden=\"true\" class=\"wp-block-spacer\"><\/div>\n\n\n\n<h2>Atividades Principais<\/h2>\n\n\n\n<ol><li>Acompanhar as tend\u00eancias do mercado nacional e internacional.<\/li><li>Participar na conce\u00e7\u00e3o e elabora\u00e7\u00e3o de estrat\u00e9gias e planos de marketing da organiza\u00e7\u00e3o.<\/li><li>Assessorar no planeamento, organiza\u00e7\u00e3o e defini\u00e7\u00e3o de objetivos de comunica\u00e7\u00e3o de acordo com os objetivos de marketing pr\u00e9-estabelecidos\/definidos.<\/li><li>Operacionalizar as linhas de atua\u00e7\u00e3o em todas as \u00e1reas pertinentes e que sejam decorrentes da estrat\u00e9gia da organiza\u00e7\u00e3o e respetivo plano de comunica\u00e7\u00e3o.<\/li><li>Participar na execu\u00e7\u00e3o das a\u00e7\u00f5es\/t\u00e1ticas de comunica\u00e7\u00e3o dirigidas aos diferentes p\u00fablicos tendo em conta as suas atitudes, comportamentos e necessidades.<\/li><li>Cooperar na gest\u00e3o dos processos comunicacionais e promocionais com os diferentes p\u00fablicos da organiza\u00e7\u00e3o.<\/li><li>Participar na organiza\u00e7\u00e3o e operacionaliza\u00e7\u00e3o de contextos\/eventos que visem a promo\u00e7\u00e3o comercial ou institucional, com base em t\u00e9cnicas de rela\u00e7\u00f5es p\u00fablicas dirigidas aos p\u00fablicos (interno e externo) da organiza\u00e7\u00e3o.<\/li><li>Colaborar e participar na conce\u00e7\u00e3o e finaliza\u00e7\u00e3o de campanhas de publicidade, nomeadamente, pela integra\u00e7\u00e3o ativa em equipas criativas ou de produ\u00e7\u00e3o;<\/li><li>Elaborar um plano de media e desenvolver rela\u00e7\u00f5es de coopera\u00e7\u00e3o positiva com os diferentes suportes de comunica\u00e7\u00e3o social.<\/li><li>Participar na conce\u00e7\u00e3o, produ\u00e7\u00e3o e sele\u00e7\u00e3o, de acordo com o modelo determinado, dos elementos de comunica\u00e7\u00e3o gr\u00e1fica, escrita, visual ou multim\u00e9dia, necess\u00e1rios para a rela\u00e7\u00e3o com os p\u00fablicos e que d\u00e3o suporte a opera\u00e7\u00f5es relacionais.<\/li><\/ol>\n\n\n\n<div style=\"height:30px\" aria-hidden=\"true\" class=\"wp-block-spacer\"><\/div>\n\n\n\n<h2>Plano Curricular<\/h2>\n\n\n\n<ul><li><a href=\"http:\/\/avepb.pt\/cp\/wp-content\/uploads\/2024\/09\/plano_curricular_cp_tecnico_comunicacao.pdf\" target=\"_blank\" rel=\"noreferrer noopener\">Plano de Estudos<\/a><\/li><\/ul>\n\n\n\n<div style=\"height:30px\" aria-hidden=\"true\" class=\"wp-block-spacer\"><\/div>\n\n\n\n<h2>Referenciais de Forma\u00e7\u00e3o<\/h2>\n\n\n\n<ul><li><a href=\"https:\/\/catalogo.anqep.gov.pt\/qualificacoesDetalhe\/7404\" target=\"_blank\" rel=\"noreferrer noopener\">342360 &#8211; T\u00e9cnico\/a de Comunica\u00e7\u00e3o &#8211; Marketing, Rela\u00e7\u00f5es P\u00fablicas e Publicidade (\u00c1rea de Educa\u00e7\u00e3o e Forma\u00e7\u00e3o: 342 &#8211; Marketing e Publicidade)<\/a><\/li><\/ul>\n\n\n\n<p><\/p>\n","protected":false},"excerpt":{"rendered":"<p>O t\u00e9cnico\/a de comunica\u00e7\u00e3o \u00e9 o profissional apto a participar no planeamento e desenvolvimento de estrat\u00e9gias de marketing e de comunica\u00e7\u00e3o da organiza\u00e7\u00e3o, quer na vertente interna quer na vertente externa, atrav\u00e9s das rela\u00e7\u00f5es p\u00fablicas e da publicidade.<\/p>\n","protected":false},"author":3,"featured_media":2030,"parent":0,"menu_order":0,"comment_status":"closed","ping_status":"closed","template":"","meta":[],"_links":{"self":[{"href":"https:\/\/avepb.pt\/cp\/wp-json\/wp\/v2\/pages\/1955"}],"collection":[{"href":"https:\/\/avepb.pt\/cp\/wp-json\/wp\/v2\/pages"}],"about":[{"href":"https:\/\/avepb.pt\/cp\/wp-json\/wp\/v2\/types\/page"}],"author":[{"embeddable":true,"href":"https:\/\/avepb.pt\/cp\/wp-json\/wp\/v2\/users\/3"}],"replies":[{"embeddable":true,"href":"https:\/\/avepb.pt\/cp\/wp-json\/wp\/v2\/comments?post=1955"}],"version-history":[{"count":4,"href":"https:\/\/avepb.pt\/cp\/wp-json\/wp\/v2\/pages\/1955\/revisions"}],"predecessor-version":[{"id":1961,"href":"https:\/\/avepb.pt\/cp\/wp-json\/wp\/v2\/pages\/1955\/revisions\/1961"}],"wp:featuredmedia":[{"embeddable":true,"href":"https:\/\/avepb.pt\/cp\/wp-json\/wp\/v2\/media\/2030"}],"wp:attachment":[{"href":"https:\/\/avepb.pt\/cp\/wp-json\/wp\/v2\/media?parent=1955"}],"curies":[{"name":"wp","href":"https:\/\/api.w.org\/{rel}","templated":true}]}}

Técnico de Comunicação &#8211; Marketing, Relações Públicas e Publicidade

<figure class="wp-block-image size-large"><img loading="lazy" width="960" height="349" src="https://avepb.pt/cp/wp-content/uploads/2024/09/tecnico_comunicacao.jpg" alt="" class="wp-image-1959" srcset="https://avepb.pt/cp/wp-content/uploads/2024/09/tecnico_comunicacao.jpg 960w, https://avepb.pt/cp/wp-content/uploads/2024/09/tecnico_comunicacao-300x109.jpg 300w, https://avepb.pt/cp/wp-content/uploads/2024/09/tecnico_comunicacao-768x279.jpg 768w, https://avepb.pt/cp/wp-content/uploads/2024/09/tecnico_comunicacao-360x131.jpg 360w" sizes="(max-width: 960px) 100vw, 960px" /></figure>



<h2>Perfil Profissional</h2>



<p>O técnico/a de comunicação é o profissional apto a participar no planeamento e desenvolvimento de estratégias de marketing e de comunicação da organização, quer na vertente interna quer na vertente externa, através das relações públicas e da publicidade.</p>



<p><em>Enquadramento: DL n.º 91/2013, de 10 de julho.<br>Portaria nº74-A/2013 de 15 de Fevereiro<br>Circular n.º 3/ANQEP/2018<br>DL &#8211; 55/2018 de 6 de julho</em></p>



<div style="height:30px" aria-hidden="true" class="wp-block-spacer"></div>



<h2>Requisitos</h2>



<p>O 9.º ano de escolaridade ou formação equivalente e idade não superior a 19 anos à data de início do ano escolar.</p>



<div style="height:30px" aria-hidden="true" class="wp-block-spacer"></div>



<h2>Certificação Escolar e Profissional</h2>



<ul><li>Curso do nível secundário de educação.</li><li>Qualificação profissional de nível 4 (QNQ/QEQ)</li></ul>



<div style="height:30px" aria-hidden="true" class="wp-block-spacer"></div>



<h2>Atividades Principais</h2>



<ol><li>Acompanhar as tendências do mercado nacional e internacional.</li><li>Participar na conceção e elaboração de estratégias e planos de marketing da organização.</li><li>Assessorar no planeamento, organização e definição de objetivos de comunicação de acordo com os objetivos de marketing pré-estabelecidos/definidos.</li><li>Operacionalizar as linhas de atuação em todas as áreas pertinentes e que sejam decorrentes da estratégia da organização e respetivo plano de comunicação.</li><li>Participar na execução das ações/táticas de comunicação dirigidas aos diferentes públicos tendo em conta as suas atitudes, comportamentos e necessidades.</li><li>Cooperar na gestão dos processos comunicacionais e promocionais com os diferentes públicos da organização.</li><li>Participar na organização e operacionalização de contextos/eventos que visem a promoção comercial ou institucional, com base em técnicas de relações públicas dirigidas aos públicos (interno e externo) da organização.</li><li>Colaborar e participar na conceção e finalização de campanhas de publicidade, nomeadamente, pela integração ativa em equipas criativas ou de produção;</li><li>Elaborar um plano de media e desenvolver relações de cooperação positiva com os diferentes suportes de comunicação social.</li><li>Participar na conceção, produção e seleção, de acordo com o modelo determinado, dos elementos de comunicação gráfica, escrita, visual ou multimédia, necessários para a relação com os públicos e que dão suporte a operações relacionais.</li></ol>



<div style="height:30px" aria-hidden="true" class="wp-block-spacer"></div>



<h2>Plano Curricular</h2>



<ul><li><a href="http://avepb.pt/cp/wp-content/uploads/2024/09/plano_curricular_cp_tecnico_comunicacao.pdf" target="_blank" rel="noreferrer noopener">Plano de Estudos</a></li></ul>



<div style="height:30px" aria-hidden="true" class="wp-block-spacer"></div>



<h2>Referenciais de Formação</h2>



<ul><li><a href="https://catalogo.anqep.gov.pt/qualificacoesDetalhe/7404" target="_blank" rel="noreferrer noopener">342360 &#8211; Técnico/a de Comunicação &#8211; Marketing, Relações Públicas e Publicidade (Área de Educação e Formação: 342 &#8211; Marketing e Publicidade)</a></li></ul>



<p></p>

<p>O técnico/a de comunicação é o profissional apto a participar no planeamento e desenvolvimento de estratégias de marketing e de comunicação da organização, quer na vertente interna quer na vertente externa, através das relações públicas e da publicidade.</p>
