{"id":357,"date":"2020-09-09T23:12:27","date_gmt":"2020-09-09T23:12:27","guid":{"rendered":"http:\/\/avepb.pt\/cp\/?page_id=357"},"modified":"2020-11-04T18:52:48","modified_gmt":"2020-11-04T18:52:48","slug":"eqavet-diagnostico-ponto-de-partida","status":"publish","type":"page","link":"https:\/\/avepb.pt\/cp\/garantia-da-qualidade-eqavet\/eqavet-diagnostico-ponto-de-partida\/","title":{"rendered":"Diagn\u00f3stico\/Ponto de partida"},"content":{"rendered":"\n<p>Para ir ao encontro dos princ\u00edpios fundamentais em que assenta o referencial do Quadro EQAVET, o agrupamento iniciou o trabalho de implementa\u00e7\u00e3o do processo de alinhamento a partir das seguintes etapas:<\/p>\n\n\n\n<ul><li>identifica\u00e7\u00e3o das partes interessadas, internas e externas, relevantes para a melhoria do Ensino e Forma\u00e7\u00e3o Profissional (EFP), e suas respetivas necessidades e expetativas;<\/li><li>diagn\u00f3stico da situa\u00e7\u00e3o do agrupamento face \u00e0s pr\u00e1ticas de gest\u00e3o do EFP, identificando pontos fortes e fracos e \u00e1reas de melhoria;<\/li><li>recolha de dados relativos aos indicadores EQAVET para o ciclo formativo 2014-2017 e identifica\u00e7\u00e3o de outros indicadores de monitoriza\u00e7\u00e3o, tendo em vista a obten\u00e7\u00e3o de informa\u00e7\u00e3o que sustente as a\u00e7\u00f5es a tomar no processo de melhoria cont\u00ednua da oferta EFP.<\/li><\/ul>\n\n\n\n<p>Assim, foi, n\u00e3o s\u00f3, poss\u00edvel estabelecer o ponto de partida no processo de alinhamento, mas tamb\u00e9m o ponto de chegada pretendido, tendo sido identificadas pr\u00e1ticas que necessitam de ser introduzidas ou ajustadas.<\/p>\n\n\n\n<p>Foi, assim, elaborado o Documento Base para alinhamento com o Quadro EQAVET que evidencia o compromisso do nosso agrupamento com o aumento da qualidade e da melhoria cont\u00ednua da oferta EFP, que poder\u00e1 consultar&nbsp;<strong><a href=\"http:\/\/avepb.pt\/cp\/wp-content\/uploads\/2020\/10\/Documento-Base_A_E_Ponte-da-Barca.pdf\" target=\"_blank\" rel=\"noreferrer noopener\">aqui<\/a><\/strong>.<\/p>\n\n\n\n<div style=\"height:30px\" aria-hidden=\"true\" class=\"wp-block-spacer\"><\/div>\n\n\n\n<hr class=\"wp-block-separator is-style-wide\"\/>\n\n\n\n<div class=\"wp-block-image\"><figure class=\"aligncenter size-full\"><img loading=\"lazy\" width=\"900\" height=\"50\" src=\"http:\/\/avepb.pt\/cp\/wp-content\/uploads\/2020\/09\/rodape_eqavet.jpg\" alt=\"\" class=\"wp-image-463\" srcset=\"https:\/\/avepb.pt\/cp\/wp-content\/uploads\/2020\/09\/rodape_eqavet.jpg 900w, https:\/\/avepb.pt\/cp\/wp-content\/uploads\/2020\/09\/rodape_eqavet-300x17.jpg 300w, https:\/\/avepb.pt\/cp\/wp-content\/uploads\/2020\/09\/rodape_eqavet-768x43.jpg 768w, https:\/\/avepb.pt\/cp\/wp-content\/uploads\/2020\/09\/rodape_eqavet-360x20.jpg 360w\" sizes=\"(max-width: 900px) 100vw, 900px\" \/><\/figure><\/div>\n","protected":false},"excerpt":{"rendered":"<p>Para ir ao encontro dos princ\u00edpios fundamentais em que assenta o referencial do Quadro EQAVET, o agrupamento iniciou o trabalho de implementa\u00e7\u00e3o do processo de alinhamento a partir das seguintes etapas: identifica\u00e7\u00e3o das partes interessadas, internas e externas, relevantes para <a href=\"https:\/\/avepb.pt\/cp\/garantia-da-qualidade-eqavet\/eqavet-diagnostico-ponto-de-partida\/\" class=\"read-more\">Ler mais &#8230;<\/a><\/p>\n","protected":false},"author":3,"featured_media":0,"parent":350,"menu_order":0,"comment_status":"closed","ping_status":"closed","template":"","meta":[],"_links":{"self":[{"href":"https:\/\/avepb.pt\/cp\/wp-json\/wp\/v2\/pages\/357"}],"collection":[{"href":"https:\/\/avepb.pt\/cp\/wp-json\/wp\/v2\/pages"}],"about":[{"href":"https:\/\/avepb.pt\/cp\/wp-json\/wp\/v2\/types\/page"}],"author":[{"embeddable":true,"href":"https:\/\/avepb.pt\/cp\/wp-json\/wp\/v2\/users\/3"}],"replies":[{"embeddable":true,"href":"https:\/\/avepb.pt\/cp\/wp-json\/wp\/v2\/comments?post=357"}],"version-history":[{"count":9,"href":"https:\/\/avepb.pt\/cp\/wp-json\/wp\/v2\/pages\/357\/revisions"}],"predecessor-version":[{"id":1351,"href":"https:\/\/avepb.pt\/cp\/wp-json\/wp\/v2\/pages\/357\/revisions\/1351"}],"up":[{"embeddable":true,"href":"https:\/\/avepb.pt\/cp\/wp-json\/wp\/v2\/pages\/350"}],"wp:attachment":[{"href":"https:\/\/avepb.pt\/cp\/wp-json\/wp\/v2\/media?parent=357"}],"curies":[{"name":"wp","href":"https:\/\/api.w.org\/{rel}","templated":true}]}}

Diagnóstico/Ponto de partida

<p>Para ir ao encontro dos princípios fundamentais em que assenta o referencial do Quadro EQAVET, o agrupamento iniciou o trabalho de implementação do processo de alinhamento a partir das seguintes etapas:</p>



<ul><li>identificação das partes interessadas, internas e externas, relevantes para a melhoria do Ensino e Formação Profissional (EFP), e suas respetivas necessidades e expetativas;</li><li>diagnóstico da situação do agrupamento face às práticas de gestão do EFP, identificando pontos fortes e fracos e áreas de melhoria;</li><li>recolha de dados relativos aos indicadores EQAVET para o ciclo formativo 2014-2017 e identificação de outros indicadores de monitorização, tendo em vista a obtenção de informação que sustente as ações a tomar no processo de melhoria contínua da oferta EFP.</li></ul>



<p>Assim, foi, não só, possível estabelecer o ponto de partida no processo de alinhamento, mas também o ponto de chegada pretendido, tendo sido identificadas práticas que necessitam de ser introduzidas ou ajustadas.</p>



<p>Foi, assim, elaborado o Documento Base para alinhamento com o Quadro EQAVET que evidencia o compromisso do nosso agrupamento com o aumento da qualidade e da melhoria contínua da oferta EFP, que poderá consultar&nbsp;<strong><a href="http://avepb.pt/cp/wp-content/uploads/2020/10/Documento-Base_A_E_Ponte-da-Barca.pdf" target="_blank" rel="noreferrer noopener">aqui</a></strong>.</p>



<div style="height:30px" aria-hidden="true" class="wp-block-spacer"></div>



<hr class="wp-block-separator is-style-wide"/>



<div class="wp-block-image"><figure class="aligncenter size-full"><img loading="lazy" width="900" height="50" src="http://avepb.pt/cp/wp-content/uploads/2020/09/rodape_eqavet.jpg" alt="" class="wp-image-463" srcset="https://avepb.pt/cp/wp-content/uploads/2020/09/rodape_eqavet.jpg 900w, https://avepb.pt/cp/wp-content/uploads/2020/09/rodape_eqavet-300x17.jpg 300w, https://avepb.pt/cp/wp-content/uploads/2020/09/rodape_eqavet-768x43.jpg 768w, https://avepb.pt/cp/wp-content/uploads/2020/09/rodape_eqavet-360x20.jpg 360w" sizes="(max-width: 900px) 100vw, 900px" /></figure></div>

<p>Para ir ao encontro dos princípios fundamentais em que assenta o referencial do Quadro EQAVET, o agrupamento iniciou o trabalho de implementação do processo de alinhamento a partir das seguintes etapas: identificação das partes interessadas, internas e externas, relevantes para <a href="https://avepb.pt/cp/garantia-da-qualidade-eqavet/eqavet-diagnostico-ponto-de-partida/" class="read-more">Ler mais &#8230;</a></p>
